3 - 512 - (-15 - 1 - -1)?
26
Evaluate -8 - ((3 - 8) + 0 + -1).
-2
What is 1 - (-5 - -5) - (3 + -5 + 0)?
3
Calculate 10 - (25 - 12 - 13).
10
Evaluate -14 - (-34 + (20 - 6)).
6
Calculate (-48 - -48) + -2 + -3 - -5.
0
53 - (32 - (-21 - -18))
18
Calculate -1 + 5 - (-387 + 393).
-2
What is (8 - 0) + 21 + (-3 + 11 - 18)?
19
What is -1 + 4 + 242 + -241?
4
Calculate (22 - 1) + (-47 - -83) + -43.
14
What is the value of (3 - (29 + 7 + 0)) + 10?
-23
Calculate (6 + -3 - 2) + -2 + -16 + 2.
-15
What is the value of -3 + 0 + (-17 - (6 - (30 - 11)))?
-7
Evaluate 3 + -1 + 53 + -49.
6
Calculate -5 - (3 + (-4 - -7) + -10 - -1).
-2
Evaluate -4 - (-3 + 22 + -8 - 20).
5
2 + -3 - 7 - (-943 - -940)
-5
-439 - -444 - (29 + 0)
-24
What is the value of -1 - -20 - (57 + -44)?
6
Calculate 0 - -5 - ((12 - -1) + 4).
-12
Calculate (5 - (-3 - 4 - -13)) + 0.
-1
Evaluate 22 + -47 + (9 - -12).
-4
What is the value of 0 + 3 + (-2 - -3) + (-10 - -5)?
-1
Evaluate 4 + -42 + 15 + 0 - (-7 + 0).
-16
What is 47 + -52 + -8 - (0 + 2)?
-15
(-2 - (28 - 36)) + (-1 - 27)
-22
What is the value of -1829 + 1838 + -27 + -1?
-19
What is -7 + -5 + -1 + 9?
-4
What is the value of (6 - 7) + -11 - (4 - 2)?
-14
What is the value of (1 - 13 - (-5 - 0 - -7)) + 6?
-8
What is the value of -3 + 10 - (48 - (-20 - -58))?
-3
Evaluate 10 + -28 + 0 + 20.
2
Calculate 1 - -7 - (-604 - -612).
0
Calculate -11 + 21 + -30 + 28.
8
-12 + 3 + -6 + 0
-15
Calculate -30 - (-29 - (-4 + -8)).
-13
What is (37 - 2 - 9) + -9?
17
What is the value of (0 + 2 - 0 - -5) + (180 - 190)?
-3
What is the value of 42 - 33 - ((0 - 8) + 26)?
-9
What is -8 + 9 + (1 - 0 - (13 - 12))?
1
Calculate (-3 - (-26 - -9 - -2)) + (-45 - 1).
-34
Evaluate 4 + (-10 - -1 - -7) + (-17 - -20).
5
(7 - 11) + 4 - 13 - -6
-7
(-413 - -419) + 13 + 1
20
What is the value of 1 + (-44 - (-9 - 18))?
-16
Calculate -35 + 34 - (15 + (2 - (1 - 3))).
-20
What is the value of 7 + -7 + 5 + (5 - 4 - 0)?
6
2 + (-7 - -9 - 11)
-7
What is 29 + (-57 - (-54 - -30))?
-4
-5 - (-10 + -7 + 1 + 8 - -8)
-5
-10 + 12 + -14 - -22 - (0 + -18)
28
What is the value of 24 + 5 - (25 + -18) - 2?
20
What is the value of -2 + (9 - (3 + -6))?
10
Calculate 11 - -9 - (-2 + 2 - (-5 + -1)).
14
(3 - -31) + -12 - 14
8
Evaluate 34 - 35 - (8 - 0) - -15.
6
-3 + (-6 + 5 - -18) + 25 + -14
25
Evaluate -3 + (-9 - -8) + 8.
4
Calculate 20 + (83 + -28 - 43).
32
Calculate 3 + -11 - (37 + -13 + -2).
-30
Evaluate ((-1 - 6) + (-30 - -26) - -3) + 22.
14
Calculate -1 + 6 - (-1 - (-7 + 7 - 7)).
-1
Evaluate -6 + (13 - 11 - -1) - 25.
-28
Calculate (11 - 20) + -2 + (-5 - -3).
-13
Calculate (-14 - 16 - -19) + 8.
-3
What is -3 + (-2 - 2) + (-3 - -13) + -4?
-1
19 - 46 - -28 - (4 + 27)
-30
What is the value of 4 + (129 - 119) + (-12 - 0)?
2
Calculate 4 + -21 + 23 + 1 + -1 + -1.
5
What is 2 + (-12 - -1) + 19?
10
What is the value of -3 - (-1 - 8 - 2) - -6?
14
-1 - (-2 + -13 + 24 + -13 + -1)
4
Evaluate -6 - -14 - (2 + 7 - 3).
2
Evaluate 61 + -17 - (-4 + 36).
12
What is the value of -11 + (1 - (-8 + 14 + (1 - 12)))?
-5
-4 - ((1 - 0 - (-22 + 18)) + -6)
-3
Evaluate 22 + (8 - (23 - 6)).
13
Evaluate 10 + -2 - (12 + -1 + -2 + 10).
-11
Evaluate 45 - ((-1 - -41) + 33).
-28
What is (-1 - -1) + -1 - (-63 - -58) - 6?
-2
Evaluate -12 + -3 + 28 + -11.
2
Evaluate 22 + -18 - (-5 + -8).
17
What is the value of -1 + -3 - (-93 + 92)?
-3
(6 - (12 + -5 + 4)) + 13
8
What is -18 + (1 - 4) + 15?
-6
(21 + -10 - 20) + 26
17
What is the value of -15 + (33 + -13 - 9)?
-4
What is 3 + -11 + 24 + -1?
15
Evaluate 16 + (24 - (-1 + 21)).
20
Calculate 3 + 18 - (114 + -106).
13
What is the value of -3 - (-19 + (3 - (4 - 2)))?
15
Evaluate 1 + -8 + 3 + -4 - (-1 - 0).
-7
What is (183 - 132) + (-19 - 2)?
30
What is the value of -22 + (-4 - -11) - -13?
-2
17 - (-19 - -18 - -29)
-11
Evaluate 1 + 2 - ((-3 - (-1 + -4)) + -2).
3
Evaluate -4 + -17 + 14 + -7.
-14
Evaluate -6 + 7 + -10 + -1 - 0.
-10
Evaluate 1 - (-16 + 33) - -12.
-4
What is -2 + (2 - (4 + 0)) + 670 + -674?
-8
Calculate (-2 - 8) + 20 + -4 - 6.
0
Evaluate (-8 - 1) + -15 + 36.
12
Calculate -44 + 55 + -1 + -2 + -10.
-2
What is 4 - ((-10 + (23 - 11) - 3) + 5)?
0
Evaluate -44 - -68 - 36 - (-1 - 31).
20
What is -7 + (4 - -13) + -6 + -3 + 9?
10
Evaluate -31 + 29 + (3 - 6).
-5
What is -12 + (-2 - (0 + -3)) + -14?
-25
Calculate 9 - (10 - (22 + 0)).
21
Calculate 12 + -9 + 0 - 8.
-5
Calculate -13 - (7 + (-5 - -12 - 20 - 0)).
-7
Evaluate -5 - ((-2 - 4) + (10 - (10 - 0))).
1
What is the value of -17 + 1 - (21 - 28)?
-9
What is the value of 11 - (-6 - (15 - 29))?
3
What is the value of (4 + -8 - -14) + -9 + -22 + 4?
-17
What is (-20 - -4) + 9 + 3 - 20?
-24
Evaluate 31 + -3 + -28 - (0 + -6 - 0).
6
3 + (-12 - (-1 - -2)) + -172 + 205
23
-5 + -6 - ((19 - 8) + -3)
-19
What is 2 - 1 - ((-35 - -38) + -11)?
9
Evaluate -14 - ((2 - 8) + (4 - 4)).
-8
(23 - (9 + 38)) + 13
-11
Calculate (3 - (-6 + 10 + 3) - -9) + -11.
-6
What is the value of -1 + (-6 - (-11 + 13 + -12)) + 25?
28
Evaluate 17 + -4 + 18 + -39.
-8
What is (-8 - 0 - -4) + 5?
1
Calculate (-1 + -3 - -5) + (0 - 11).
-10
What is -7 + 12 + -1 + (2 - 4)?
2
-1305 + 1290 - (-2 - 9)
-4
What is -29 - (-10 + -66 - -29)?
18
What is the value of 2 + -11 - (-139 + 119)?
11
Evaluate 1 - -22 - (93 + -80).
10
What is (-2 - -1 - ((2 - 2) + 0)) + -10?
-11
What is -3 - -2 - (-10 - -17 - (-1 + 9))?
0
What is the value of -75 - -85 - (20 + 1) - (-1 - 13)?
3
Calculate (-11 - 0 - (56 + -57)) + -1.
-11
What is (-12 - (7 + -8 + 5)) + (7 - 0)?
-9
What is (-27 - 2 - -30) + 6 + -5?
2
What is the value of -5 + 11 - (12 + -21)?
15
What is 4 + -2 + 4 - (-11 + 5 - -5)?
7
-18 + -12 + 0 + 17
-13
What is the value of (1 + -6 - (-13 + 4)) + -6?
-2
Evaluate 2 - ((-11 - (5 - 7)) + 15 + -16).
12
What is -12 - 1 - (-26 - (79 - 70))?
22
What is the value of -22 + (-1 - -11) - -7 - -9?
4
Evaluate (0 - (-3 - 2)) + 11.
16
What is the value of (-21 - (-55 - -34)) + 3 + 0?
3
(-1 - (-1 + 2 + -19)) + (102 - 92)
27
Calculate (11 - (-3 - -5)) + (-6 - (2 - 10)).
11
-7 + -22 + 23 + -9
-15
(-5 - 4) + (-1 - 1 - -26) - -1
16
What is 1 - -12 - ((59 - 18) + -52)?
24
What is 16 + -17 + -8 - (2 - 4)?
-7
What is the value of (190 - 157) + (-12 - 0) - (6 - -1)?
14
12 - (-10 + (-12 - -16)) - (-1 - -8)
11
What is the value of (1 - 4) + 10 - 11 - (7 + 1)?
-12
Calculate 2 + (0 - (-4 - -3)) - (-30 - -28).
5
Calculate -8 + (16 - 17) - -7.
-2
What is the value of (21 - -27) + -42 - (2 - (6 + -3))?
7
Evaluate -41 + 33 + (5 - (3 + -1) - 1).
-6
What is (-7 - (-14 - -6) - 0) + 24?
25
3 + -3 - -1 - 2 - (-6 - -4)
1
5 - (27 - (30 - 9))
-1
Evaluate -1 + -3 - (93 - 108).
11
What is (28 - 12) + -12 + (-17 - -1)?
-12
Evaluate 3 + 4 + -10 - ((2 - 2) + -2).
-1
What is 6 + -2 + -3 + -8 + 6?
-1
Calculate (5 - 9 - (-6 + 18)) + 35.
19
Evaluate -12 + (33 - (4 - -5)).
12
What is 20 - (9 - (13 + -8)) - 6?
10
(6 - (2 - 6)) + -4 + 4 + -2
8
Evaluate 1 - 0 - (-9 + 38 - 10).
-18
-6 + (8 - ((6 - 2) + 8))
-10
Calculate (-12 - (4 + (7 - 15))) + -1 + 8.
-1
What is the value of 15 + 16 - (13 - -14)?
4
Calculate -20 + (38 - 21) - 5.
-8
What is -8 + 53 + -50 + 8 + (1 - 1)?
3
What is the value of (-5 - -8) + 7 + -14 + 3 + 15?
14
What is -2 + (2 - ((-16 - -20) + (5 - 1)))?
-8
What is -4 + -5 - (4 - (-1 + 32 + -6))?
12
(-98 - -76) + 45 + 1
24
27 - (86 + -30) - (0 - 13)
-16
What is the value of (-3 - 1 - -4) + -3 + (2 - 8)?
-9
What is -3 + 4 + 1 - (334 + -318)?
-14
Evaluate 1 + (3 - -6) + -11 + (3 - 8).
-6
Calculate 11 - ((-26 - (1 + -12)) + 6).
20
Evaluate 35 + 0 + ((16 - 23) + 8 - 1).
35
What is 5 + 0 + -36 + 31 + -15 + 6?
-9
What is the value of -30 + 0 + 3 - (118 - 130)?
-15
(-7 - -2) + (1 - -13)
9
What is -18 + 43 + -6 + -26?
-7
What is -1 - (-9 - (-37 + 13))?
-16
What is 15 - (9 + -16 - (-11 + 9 + -10))?
10
Evaluate 1 + -8 + (-9 - -37).
21
What is (-8 - -3) + 1 + -1 + 1 + -5?
-9
(15 - 1) + (-5 - -15) + 2 + -10
16
Calculate (3 - (15 - 4)) + 5 - (-18 + 13).
2
What is (-2 - (3 + -6)) + -4 + (4 - -4)?
5
-18 + (-1 - 0) + (106 - 94)
-7
What is the value of 21 + (-19 - (-29 + 10))?
21
What is -5 + -3 + (11 - 1 - 6)?
-4
Evaluate -8 - (-12 - -6 - -8) - (-2 + 1).
-9
What is (-10 - (-18 + 8)) + 3 + -10?
-7
What is the value of -22 + (-18 - -8 - -8)?
-24
15 + (0 - (43 + -27))
-1
What is the value of -139 + 147 - (-1 + -1 + 3) - -26?
33
Calculate 15 + -4 + -16 - 9.
-14
What is 2 +